-5 - -42)?
-35
Calculate (-114 - -7) + 23 + -25 + (1 + 8 - -4).
-96
What is -12 + -17 + -10 + (-3 - -7) + -6 + -2?
-43
What is the value of -36 + 16 + (-16 - -9) - (1 - -5)?
-33
Evaluate 2 - -30 - ((238 - 140) + -159).
93
Calculate -10 - (11 - (15 + 0) - -6).
-12
What is (38 + -20 - (-3 + 4 - -2)) + 127?
142
Calculate 6 - ((5 - 6) + 3) - (-21 - (-17 - 8)).
0
What is the value of 26 - (-5 - (-25 - 34))?
-28
What is the value of 1 + 2 + (66 - 24) + (-4 - -4)?
45
What is 2 - 2 - (1 - 0) - (5214 - 5258)?
43
What is the value of -69 - 33 - -84 - 29?
-47
Calculate 19 + -32 + 31 + -79 + -37.
-98
Evaluate -20 + -6 + (-6 - -33 - 7).
-6
Calculate -26 - (-9 + 7 + -17 + 17) - -2.
-22
Calculate 4 + (0 - 48) + -1 + 12 + (165 - 174).
-42
Evaluate -8 + 66 + 8 + 1 + -6 + -7.
54
What is the value of 11 + 22 - -65 - 49?
49
What is the value of (-42 - -15) + 122 - -5?
100
(22 - 14) + (3 - 14 - -2 - -3)
2
What is the value of 54 + 191 + -75 - (2 + 36)?
132
3 + (1 - 0 - ((3 - 7 - 4) + -15))
27
What is the value of (-13 - 6) + 4 + (-692 - -689)?
-18
What is the value of -4 + 2 + 5 - -24 - (2 + -15)?
40
What is -31 - (6 - (-10 - -26))?
-21
What is -35 - (25 + (-64 - -36 - 9))?
-23
What is -955 + 975 + -59 + 5?
-34
What is 2 + -8 + (-47 - (-48 - 50))?
45
What is the value of (11 + -4 - (15 - 1)) + -3 + (2 - -26)?
18
Evaluate ((36 - 2) + -52 - (0 + -10)) + 54.
46
Evaluate (-7 - (29 + (-29 - -21))) + 22 + -28.
-34
What is the value of ((-18 - -50) + -33 - (-11 + 2)) + 9?
17
9 + -10 + 27 + -44 + 81
63
What is (24 - (150 + 22)) + 131?
-17
What is the value of 3 + -7 + 33 - (93 - 0)?
-64
Evaluate -73 + 96 + -36 + 100.
87
What is -148 - (13 + -31) - 27 - -38?
-119
1 + 51 + (9 - 8 - -2 - 8)
47
Calculate (25 - 8) + -44 - (-12 - -1) - -105.
89
What is (-6 - 0) + 5 - -4 - (6 - (-2 + -96))?
-101
What is (89 + -15 + 3 - 5) + 31 + -47?
56
Calculate (3 - -3) + -19 + (-29 - -9) + 13 + 97.
77
What is (52 - (7 - 7)) + -28?
24
46 + (-7 - (-9 + -10)) + -31
27
What is (-1 - (-65 + -5 + 11)) + -6 + -2?
50
What is -2323 + 2361 + 2 + 29?
69
What is the value of 0 + (42 - (-11 + 0) - (4 - (-2 - -2)))?
49
-22 - (-64 + 124) - (4 - (-1 - -10))
-77
Calculate (-8 - ((12 - (-15 - -16)) + -6)) + 98 + 0.
85
-60 + (3 - -140) - 169
-86
Evaluate 125 + -64 + -53 + 72.
80
What is the value of -6 + (2 - -5 - (9 - 0))?
-8
Calculate (-1 - -4) + (-28 - (18 + 59 + 11)) + 4.
-109
What is -3 - ((-2 - -14) + (10 - (-11 + 40)) + -30)?
34
What is the value of 23 - -1 - ((28 + -57 - -10) + 16)?
27
What is 2 + 25 + -26 + -4 + 0 + 15?
12
Evaluate 11 - (-4 + (2 - (-14 - -8))) - -5.
12
(4 - 48) + (4 - 6) + -3 + 0 + 6
-43
Evaluate 11 - (-1 - 10 - (-99 + 100) - 7).
30
Evaluate 11 + 0 + 141 + -194 - (11 - 18).
-35
What is the value of (-303 - -266) + (26 - -78)?
67
Evaluate -50 + -1 + 2326 + -2309.
-34
What is the value of -6 + 18 + -12 + -6 + -44 + 0?
-50
What is (81 - 23) + -25 - 38?
-5
What is the value of 3 - (39 + 27 + -37)?
-26
What is the value of (10 - ((-19 - 83) + -2)) + (2 - 3 - -14)?
127
What is the value of -3 + 11 + -17 + 13 + 38 + -2?
40
What is the value of (125 - (13 - -58)) + 56?
110
10 + (15 - (15 - (-6 + 12)))
16
-68 + (43 - (-4 - 0))
-21
Calculate (-89 - 48 - -56) + 25.
-56
Evaluate 86 - (-30 + 13 + (8 - 14) + 25).
84
What is (4 - 0) + (-7 - -26) + (-14 - -48) + -28?
29
Evaluate 8 + 3 + -2 - (13 + -46 + -2 + 15).
29
What is -8 + ((13 - 27) + 2 - (-18 - -13))?
-15
What is 10 + -23 + (-9 - -20 - 4 - -3) + -56?
-59
Calculate (-2 - 38) + 28 - (11 + -2 + 2).
-23
What is the value of -28 - (-11 + -63) - ((10 - 0) + -1)?
37
What is -4363 + 4312 + 9 + -1 + -1 + 2 + 1?
-41
What is the value of -54 + 22 + 15 + -20 - -9?
-28
What is -12 + (2 - 6 - -4) + -42 + 45?
-9
Evaluate (-49 - -32) + 9 + 21 - -113.
126
Calculate (16 - 106) + 193 + -185.
-82
(5 - 10) + 3 + -17 + 7 + -31
-43
What is the value of 2 - 12 - (-15 + -16 + 9 + 17)?
-5
What is -2 - ((10 - (-9 - (-12 + 0))) + -4 + 6)?
-11
-610 + 597 + (0 - (0 - -56))
-69
Evaluate (-37 - -19 - -41) + -44 - -74.
53
5 + -30 + 29 + -8 + -24
-28
Evaluate 19262 + -19218 + -1 + -76.
-33
What is 1 + -8 + 26 - (-18 - -41)?
-4
Evaluate -17 + 8 + 46 - 42.
-5
Calculate -265 + 235 - (-2 + -1).
-27
What is 40 - (-65 + -20 + 153)?
-28
Evaluate -12851 + 12861 - (3 - 0 - 2 - -48).
-39
What is the value of 10 + (352 - 369) + 1 + (4 - 1)?
-3
What is the value of -58 + 2 - (3 + (1 + 0 - (131 - 129)))?
-58
Evaluate -1 + (-1 - 7) + (-71 - (56 + (-68 - -15))).
-83
Evaluate 40 + -7 + (25 + -25 - (2 + -12)).
43
Evaluate -43 - (128 + -122 - 116).
67
24 - (20 - (8 - (-10 + 11))) - -12
23
What is the value of -25 + 3 + (54 - (112 - 31))?
-49
What is the value of (-19 + 23 - -15 - 15) + (0 - (2 - -20))?
-18
Calculate -8 - (58 + -9) - (-4 - 7).
-46
Calculate 96 + 6 - (-1 + 24 + -1608 + 1599).
88
Calculate -11 + 19 + (17 - 30) + 9 + -2.
2
Evaluate (9 - ((4 - -5) + 12)) + -228 + 117.
-123
What is the value of -82 + 34 - -9 - (-11 - (3 + -2))?
-27
What is -3 - (11 - 71) - 96?
-39
Evaluate 53 - ((-1 - 7) + -21 + 43 + -16 + -3).
58
Evaluate 13 - (20 + -4 + -22 + (-9 - 1) - -13).
16
Evaluate 90 + -432 + 132 + 146.
-64
-81 + 1 + 0 + 240166 + -240164
-78
What is the value of (58 + -45 - 52) + 30?
-9
What is the value of 180 - (-6 + -15) - 63?
138
2 - 3 - (6 + -17 + (1 - (-22 + -9)))
-22
What is the value of 1 + (-1 - (3 - 8) - (2 + -9)) + -34?
-22
Calculate (-57 + 16 - -46) + 1 + 2 - 29.
-21
What is 24 + (1 - -16) + -28?
13
Calculate 140 - 181 - (-29 + 49).
-61
-4 + -1 - ((-171 - -193) + 1 + 6)
-34
What is the value of (-1 + 5 - 1) + (633 - 632)?
4
What is -102 + 159 + -46 + -8?
3
-32 - (39 + (-54 - -61))
-78
What is 56 - (-8 - (-29 + -18 - -81))?
98
-17 - -69 - (239 + -106)
-81
What is the value of (59 - (-91 - (-82 + 34))) + -3?
99
What is -84 - -2 - -2 - ((54 - 35) + 18 + -28)?
-89
Calculate (-4 - -3) + -1 - (-78 + 132 - (-17 + -4)).
-77
(-27 - -37) + 123 + (0 - -9) + (-12 - -5)
135
-1 + (-9 - -33) + -12 - (6 + (7 - -76))
-78
What is the value of (-1 - 7 - -15) + 4 + (-7 - -11 - 50)?
-35
What is 18 - (18 + (22 - 39))?
17
Evaluate 59 + -44 + 72 + -50.
37
Evaluate (2 - (1 - (1 - -2))) + 342 + -301.
45
7 + (-6 - 26) + -17
-42
What is -9 + -1 + 0 + (-71 - (-20 + -45))?
-16
Evaluate -55 + (23 - (-45 - 36)).
49
What is (-13 - -19 - (1 - 15)) + -7 - (-2 + 59)?
-44
17 + -12 - -4 - (9 - (41 - (4 + -7)))
44
What is -8 + (6 - -3 - (-31 - -32 - -2))?
-2
What is the value of -38 + (26 - 21) + (6 - 2)?
-29
Calculate -43 + (117 + -133 - (-4 - -1) - 1).
-57
-10 - (303 + -313 - (1 - 0)) - 13
-12
Calculate -12 - -3 - 2 - (-24 - (137 + -146)).
4
What is the value of 88 + -62 + -13 + -75?
-62
What is (0 - -34 - (-334 - -325)) + (-1 - -4)?
46
What is -6 + (-7 - -3) + 2 + 28?
20
(-5 - 42) + 30 + 16
-1
What is the value of 11 - 21 - (-53 + (-20 - 2) - (1 + -11))?
55
What is the value of -79 + 69 + (0 + 5 - 3 - 39)?
-47
What is -82 + (-12 - 6) + 24?
-76
What is the value of 69 + -62 - (-13 - (-12 - -4))?
12
Evaluate (22 - -2) + -68 + 65 + 16.
37
What is the value of 5 + (-3 - 5) + (-7 - 0 - (-73 + 19))?
44
Evaluate -3 + 0 + (-10 - -46 - 45) + (-1 - -6).
-7
What is 2 + (2 - 4) + 11 + -46 + 60?
25
Calculate 4 + 2 + 1 + (-8 + -15 - -33) + -60.
-43
Calculate -110 + 48 + 76 + 2 + 93 + 2.
111
(4 - -73) + -29 + 31 + -3 - 12
64
Calculate 5 + -24 - (-263 - -209).
35
Calculate 56 - 21 - (70 - 57 - 104).
126
-2 + (2 - 3) + -13 + 2 - (142 + -149)
-7
Calculate -21 + -1 + (2 - (-71 + 8)).
43
What is the value of 82 + 106 + (-224 - -59)?
23
What is the value of 12 + (-1 - 8) + (-44 - -40 - 21)?
-22
4 - 145 - (355 - 336) - -13
-147
(20 - 26) + (80 - 40 - (-5 + 0))
39
Evaluate (1 - (-35 + -3)) + (-82 + 29 - -50).
36
(-12 + 2 + -9 - (11 + 46)) + -7
-83
Evaluate -4 + 0 + 10 + -60 + 47 + 41.
34
What is (11 - -4) + 36 + -102 - -36?
-15
What is (-68 - 1) + (11 + -53 - -60)?
-51
Calculate -2 + -137 - (-5 - 8 - 16).
-110
-50 - (4 + -3 - (-8 - (11 + -8)))
-62
-6 + 85 - 4 - (-16 + (2 - 3))
92
What is 37 + -5 + -16 - (12 + -2 - 0)?
6
Evaluate -29 + 20 + -12 + -6 - -17.
-10
-6582 + 6576 + (-13 - (2 + -3)) + -2
-20
Evaluate 0 + 22 + 104 + -93 + -21.
12
Evaluate -52 + 6 + (69 + -122 - -100).
1
(2 + -4 - -11) + (125 - (9 - -56))
69
What is (13 - (34 + -17)) + 2 + -13 + 34?
19
Evaluate (-12 - (25 + 21 + -39)) + 49.
30
Calculate 6 - (44 + 23 + -61).
0
